{"id":730,"date":"2025-11-08T00:15:26","date_gmt":"2025-11-07T23:15:26","guid":{"rendered":"https:\/\/la-mine.org\/?page_id=730"},"modified":"2025-11-08T00:17:33","modified_gmt":"2025-11-07T23:17:33","slug":"mentions-legales","status":"publish","type":"page","link":"https:\/\/la-mine.org\/?page_id=730","title":{"rendered":"Mentions l\u00e9gales"},"content":{"rendered":"\t\t<div data-elementor-type=\"wp-page\" data-elementor-id=\"730\" class=\"elementor elementor-730\" data-elementor-post-type=\"page\">\n\t\t\t\t\t\t<section class=\"elementor-section elementor-top-section elementor-element elementor-element-dc9157a elementor-section-boxed elementor-section-height-default elementor-section-height-default\" data-id=\"dc9157a\" data-element_type=\"section\" data-e-type=\"section\">\n\t\t\t\t\t\t<div class=\"elementor-container elementor-column-gap-default\">\n\t\t\t\t\t<div class=\"elementor-column elementor-col-100 elementor-top-column elementor-element elementor-element-99a8ef4\" data-id=\"99a8ef4\" data-element_type=\"column\" data-e-type=\"column\">\n\t\t\t<div class=\"elementor-widget-wrap elementor-element-populated\">\n\t\t\t\t\t\t<div class=\"elementor-element elementor-element-cea788b elementor-widget elementor-widget-text-editor\" data-id=\"cea788b\" data-element_type=\"widget\" data-e-type=\"widget\" data-widget_type=\"text-editor.default\">\n\t\t\t\t<div class=\"elementor-widget-container\">\n\t\t\t\t\t\t\t\t\t<p><span style=\"font-weight: 400;\">Conform\u00e9ment aux dispositions de la loi n\u00b0 2004-575 du 21 juin 2004 pour la confiance en l&rsquo;\u00e9conomie num\u00e9rique, il est pr\u00e9cis\u00e9 aux utilisateurs du site La mine l&rsquo;identit\u00e9 des diff\u00e9rents intervenants dans le cadre de sa r\u00e9alisation et de son suivi.<\/span><\/p><p>\u00a0<\/p><h2><b>Edition du site\u00a0<\/b><\/h2><p>\u00a0<\/p><p><span style=\"font-weight: 400;\">Le pr\u00e9sent site, accessible \u00e0 l\u2019URL la-mine.org (le \u00ab Site \u00bb), est \u00e9dit\u00e9 par :<\/span><\/p><p><i><span style=\"font-weight: 400;\"><br \/><\/span><\/i><span style=\"font-weight: 400;\">SAS LA MINE, soci\u00e9t\u00e9 au capital de 5000 euros, inscrite au R.C.S. de MACON sous le num\u00e9ro 908 737 844 R.C.S. Macon, dont le si\u00e8ge social est situ\u00e9 au 35 PLACE BENOIT RACLET 71570 ROMANECHE-THORINS, repr\u00e9sent\u00e9(e) par Richard ROTTIERS d\u00fbment habilit\u00e9(e)<\/span><\/p><p>\u00a0<\/p><p><span style=\"font-weight: 400;\">Le num\u00e9ro individuel TVA de l\u2019\u00e9diteur est : FR26908737844.<\/span><\/p><p>\u00a0<\/p><h2><b>H\u00e9bergement<\/b><\/h2><p><span style=\"font-weight: 400;\"><br \/><\/span><span style=\"font-weight: 400;\">Le Site est h\u00e9berg\u00e9 par la soci\u00e9t\u00e9 Infomaniak, situ\u00e9 Rue Eug\u00e8ne-Marziano 25, 1227 Gen\u00e8ve, Suisse, (contact t\u00e9l\u00e9phonique ou email : (+41) 22 820 35 44).<\/span><\/p><p>\u00a0<\/p><p><b>Directeur de publication\u00a0<\/b><\/p><p><span style=\"font-weight: 400;\"><br \/><\/span><span style=\"font-weight: 400;\">Le Directeur de la publication du Site est Richard ROTTIERS .<\/span><\/p><p>\u00a0<\/p><h2><b>Nous contacter\u00a0<\/b><\/h2><p><span style=\"font-weight: 400;\"><br \/><\/span><span style=\"font-weight: 400;\">Par t\u00e9l\u00e9phone\u00a0: +33663381635<\/span><\/p><p><span style=\"font-weight: 400;\">Par email\u00a0: contact@la-mine.org<\/span><\/p><p><span style=\"font-weight: 400;\">Par courrier\u00a0: 35 PLACE BENOIT RACLET 71570 ROMANECHE-THORINS<\/span><\/p>\t\t\t\t\t\t\t\t<\/div>\n\t\t\t\t<\/div>\n\t\t\t\t\t<\/div>\n\t\t<\/div>\n\t\t\t\t\t<\/div>\n\t\t<\/section>\n\t\t\t\t<\/div>\n\t\t","protected":false},"excerpt":{"rendered":"<p>Conform\u00e9ment aux dispositions de la loi n\u00b0 2004-575 du 21 juin 2004 pour la confiance en l&rsquo;\u00e9conomie num\u00e9rique, il est pr\u00e9cis\u00e9 aux utilisateurs du site La mine l&rsquo;identit\u00e9 des diff\u00e9rents [&hellip;]<\/p>\n","protected":false},"author":2,"featured_media":0,"parent":0,"menu_order":0,"comment_status":"closed","ping_status":"closed","template":"","meta":{"_acf_changed":false,"footnotes":""},"class_list":["post-730","page","type-page","status-publish","hentry"],"acf":[],"yoast_head":"<!-- This site is optimized with the Yoast SEO plugin v27.5 - https:\/\/yoast.com\/product\/yoast-seo-wordpress\/ -->\n<title>Mentions l\u00e9gales - LA MINE<\/title>\n<meta name=\"robots\" content=\"index, follow, max-snippet:-1, max-image-preview:large, max-video-preview:-1\" \/>\n<link rel=\"canonical\" href=\"https:\/\/la-mine.org\/?page_id=730\" \/>\n<meta property=\"og:locale\" content=\"fr_FR\" \/>\n<meta property=\"og:type\" content=\"article\" \/>\n<meta property=\"og:title\" content=\"Mentions l\u00e9gales - LA MINE\" \/>\n<meta property=\"og:description\" content=\"Conform\u00e9ment aux dispositions de la loi n\u00b0 2004-575 du 21 juin 2004 pour la confiance en l&rsquo;\u00e9conomie num\u00e9rique, il est pr\u00e9cis\u00e9 aux utilisateurs du site La mine l&rsquo;identit\u00e9 des diff\u00e9rents [&hellip;]\" \/>\n<meta property=\"og:url\" content=\"https:\/\/la-mine.org\/?page_id=730\" \/>\n<meta property=\"og:site_name\" content=\"LA MINE\" \/>\n<meta property=\"article:modified_time\" content=\"2025-11-07T23:17:33+00:00\" \/>\n<meta name=\"twitter:card\" content=\"summary_large_image\" \/>\n<meta name=\"twitter:label1\" content=\"Dur\u00e9e de lecture estim\u00e9e\" \/>\n\t<meta name=\"twitter:data1\" content=\"1 minute\" \/>\n<script type=\"application\/ld+json\" class=\"yoast-schema-graph\">{\"@context\":\"https:\\\/\\\/schema.org\",\"@graph\":[{\"@type\":\"WebPage\",\"@id\":\"https:\\\/\\\/la-mine.org\\\/?page_id=730\",\"url\":\"https:\\\/\\\/la-mine.org\\\/?page_id=730\",\"name\":\"Mentions l\u00e9gales - LA MINE\",\"isPartOf\":{\"@id\":\"https:\\\/\\\/la-mine.org\\\/#website\"},\"datePublished\":\"2025-11-07T23:15:26+00:00\",\"dateModified\":\"2025-11-07T23:17:33+00:00\",\"breadcrumb\":{\"@id\":\"https:\\\/\\\/la-mine.org\\\/?page_id=730#breadcrumb\"},\"inLanguage\":\"fr-FR\",\"potentialAction\":[{\"@type\":\"ReadAction\",\"target\":[\"https:\\\/\\\/la-mine.org\\\/?page_id=730\"]}]},{\"@type\":\"BreadcrumbList\",\"@id\":\"https:\\\/\\\/la-mine.org\\\/?page_id=730#breadcrumb\",\"itemListElement\":[{\"@type\":\"ListItem\",\"position\":1,\"name\":\"Accueil\",\"item\":\"https:\\\/\\\/la-mine.org\\\/\"},{\"@type\":\"ListItem\",\"position\":2,\"name\":\"Mentions l\u00e9gales\"}]},{\"@type\":\"WebSite\",\"@id\":\"https:\\\/\\\/la-mine.org\\\/#website\",\"url\":\"https:\\\/\\\/la-mine.org\\\/\",\"name\":\"LA MINE\",\"description\":\"Ce que vous avez envie de trouver, ce que vous n\u2019avez pas id\u00e9e de chercher  La Mine est un bar \u00e0 vin et un caf\u00e9-lecture, c\u2019est aussi un tiers-lieu culturel et gourmand anim\u00e9 par le collectif \u00ab\u00a0A ciel ouvert\u00a0\u00bb. Au c\u0153ur du Beaujolais et du M\u00e2connais, on m\u00e9lange les genres pour varier les plaisirs\u00a0: d\u00e9guster, bouquiner, \u00e9couter\u2026et \u00e9changer autour d\u2019un livre, d\u2019un film...\",\"publisher\":{\"@id\":\"https:\\\/\\\/la-mine.org\\\/#organization\"},\"potentialAction\":[{\"@type\":\"SearchAction\",\"target\":{\"@type\":\"EntryPoint\",\"urlTemplate\":\"https:\\\/\\\/la-mine.org\\\/?s={search_term_string}\"},\"query-input\":{\"@type\":\"PropertyValueSpecification\",\"valueRequired\":true,\"valueName\":\"search_term_string\"}}],\"inLanguage\":\"fr-FR\"},{\"@type\":\"Organization\",\"@id\":\"https:\\\/\\\/la-mine.org\\\/#organization\",\"name\":\"LA MINE\",\"url\":\"https:\\\/\\\/la-mine.org\\\/\",\"logo\":{\"@type\":\"ImageObject\",\"inLanguage\":\"fr-FR\",\"@id\":\"https:\\\/\\\/la-mine.org\\\/#\\\/schema\\\/logo\\\/image\\\/\",\"url\":\"https:\\\/\\\/la-mine.org\\\/wp-content\\\/uploads\\\/2023\\\/06\\\/LOGO-1200-RVB-1.png\",\"contentUrl\":\"https:\\\/\\\/la-mine.org\\\/wp-content\\\/uploads\\\/2023\\\/06\\\/LOGO-1200-RVB-1.png\",\"width\":1279,\"height\":1168,\"caption\":\"LA MINE\"},\"image\":{\"@id\":\"https:\\\/\\\/la-mine.org\\\/#\\\/schema\\\/logo\\\/image\\\/\"}}]}<\/script>\n<!-- \/ Yoast SEO plugin. -->","yoast_head_json":{"title":"Mentions l\u00e9gales - LA MINE","robots":{"index":"index","follow":"follow","max-snippet":"max-snippet:-1","max-image-preview":"max-image-preview:large","max-video-preview":"max-video-preview:-1"},"canonical":"https:\/\/la-mine.org\/?page_id=730","og_locale":"fr_FR","og_type":"article","og_title":"Mentions l\u00e9gales - LA MINE","og_description":"Conform\u00e9ment aux dispositions de la loi n\u00b0 2004-575 du 21 juin 2004 pour la confiance en l&rsquo;\u00e9conomie num\u00e9rique, il est pr\u00e9cis\u00e9 aux utilisateurs du site La mine l&rsquo;identit\u00e9 des diff\u00e9rents [&hellip;]","og_url":"https:\/\/la-mine.org\/?page_id=730","og_site_name":"LA MINE","article_modified_time":"2025-11-07T23:17:33+00:00","twitter_card":"summary_large_image","twitter_misc":{"Dur\u00e9e de lecture estim\u00e9e":"1 minute"},"schema":{"@context":"https:\/\/schema.org","@graph":[{"@type":"WebPage","@id":"https:\/\/la-mine.org\/?page_id=730","url":"https:\/\/la-mine.org\/?page_id=730","name":"Mentions l\u00e9gales - LA MINE","isPartOf":{"@id":"https:\/\/la-mine.org\/#website"},"datePublished":"2025-11-07T23:15:26+00:00","dateModified":"2025-11-07T23:17:33+00:00","breadcrumb":{"@id":"https:\/\/la-mine.org\/?page_id=730#breadcrumb"},"inLanguage":"fr-FR","potentialAction":[{"@type":"ReadAction","target":["https:\/\/la-mine.org\/?page_id=730"]}]},{"@type":"BreadcrumbList","@id":"https:\/\/la-mine.org\/?page_id=730#breadcrumb","itemListElement":[{"@type":"ListItem","position":1,"name":"Accueil","item":"https:\/\/la-mine.org\/"},{"@type":"ListItem","position":2,"name":"Mentions l\u00e9gales"}]},{"@type":"WebSite","@id":"https:\/\/la-mine.org\/#website","url":"https:\/\/la-mine.org\/","name":"LA MINE","description":"Ce que vous avez envie de trouver, ce que vous n\u2019avez pas id\u00e9e de chercher  La Mine est un bar \u00e0 vin et un caf\u00e9-lecture, c\u2019est aussi un tiers-lieu culturel et gourmand anim\u00e9 par le collectif \u00ab\u00a0A ciel ouvert\u00a0\u00bb. Au c\u0153ur du Beaujolais et du M\u00e2connais, on m\u00e9lange les genres pour varier les plaisirs\u00a0: d\u00e9guster, bouquiner, \u00e9couter\u2026et \u00e9changer autour d\u2019un livre, d\u2019un film...","publisher":{"@id":"https:\/\/la-mine.org\/#organization"},"potentialAction":[{"@type":"SearchAction","target":{"@type":"EntryPoint","urlTemplate":"https:\/\/la-mine.org\/?s={search_term_string}"},"query-input":{"@type":"PropertyValueSpecification","valueRequired":true,"valueName":"search_term_string"}}],"inLanguage":"fr-FR"},{"@type":"Organization","@id":"https:\/\/la-mine.org\/#organization","name":"LA MINE","url":"https:\/\/la-mine.org\/","logo":{"@type":"ImageObject","inLanguage":"fr-FR","@id":"https:\/\/la-mine.org\/#\/schema\/logo\/image\/","url":"https:\/\/la-mine.org\/wp-content\/uploads\/2023\/06\/LOGO-1200-RVB-1.png","contentUrl":"https:\/\/la-mine.org\/wp-content\/uploads\/2023\/06\/LOGO-1200-RVB-1.png","width":1279,"height":1168,"caption":"LA MINE"},"image":{"@id":"https:\/\/la-mine.org\/#\/schema\/logo\/image\/"}}]}},"_links":{"self":[{"href":"https:\/\/la-mine.org\/index.php?rest_route=\/wp\/v2\/pages\/730","targetHints":{"allow":["GET"]}}],"collection":[{"href":"https:\/\/la-mine.org\/index.php?rest_route=\/wp\/v2\/pages"}],"about":[{"href":"https:\/\/la-mine.org\/index.php?rest_route=\/wp\/v2\/types\/page"}],"author":[{"embeddable":true,"href":"https:\/\/la-mine.org\/index.php?rest_route=\/wp\/v2\/users\/2"}],"replies":[{"embeddable":true,"href":"https:\/\/la-mine.org\/index.php?rest_route=%2Fwp%2Fv2%2Fcomments&post=730"}],"version-history":[{"count":4,"href":"https:\/\/la-mine.org\/index.php?rest_route=\/wp\/v2\/pages\/730\/revisions"}],"predecessor-version":[{"id":735,"href":"https:\/\/la-mine.org\/index.php?rest_route=\/wp\/v2\/pages\/730\/revisions\/735"}],"wp:attachment":[{"href":"https:\/\/la-mine.org\/index.php?rest_route=%2Fwp%2Fv2%2Fmedia&parent=730"}],"curies":[{"name":"wp","href":"https:\/\/api.w.org\/{rel}","templated":true}]}}