{"id":862,"date":"2026-04-08T14:48:25","date_gmt":"2026-04-08T12:48:25","guid":{"rendered":"https:\/\/la-mine.org\/?page_id=862"},"modified":"2026-04-08T15:00:40","modified_gmt":"2026-04-08T13:00:40","slug":"formulaire","status":"publish","type":"page","link":"https:\/\/la-mine.org\/?page_id=862","title":{"rendered":"Dans la t\u00eate d\u2019un photomaton"},"content":{"rendered":"\t\t<div data-elementor-type=\"wp-page\" data-elementor-id=\"862\" class=\"elementor elementor-862\" data-elementor-post-type=\"page\">\n\t\t\t\t\t\t<section class=\"elementor-section elementor-top-section elementor-element elementor-element-d08dcf1 elementor-section-boxed elementor-section-height-default elementor-section-height-default\" data-id=\"d08dcf1\" data-element_type=\"section\" data-e-type=\"section\">\n\t\t\t\t\t\t<div class=\"elementor-container elementor-column-gap-default\">\n\t\t\t\t\t<div class=\"elementor-column elementor-col-100 elementor-top-column elementor-element elementor-element-0182e52\" data-id=\"0182e52\" data-element_type=\"column\" data-e-type=\"column\">\n\t\t\t<div class=\"elementor-widget-wrap elementor-element-populated\">\n\t\t\t\t\t\t<div class=\"elementor-element elementor-element-07b6c14 elementor-widget elementor-widget-heading\" data-id=\"07b6c14\" data-element_type=\"widget\" data-e-type=\"widget\" data-widget_type=\"heading.default\">\n\t\t\t\t<div class=\"elementor-widget-container\">\n\t\t\t\t\t<h2 class=\"elementor-heading-title elementor-size-default\">Formulaire de participation<\/h2>\t\t\t\t<\/div>\n\t\t\t\t<\/div>\n\t\t\t\t\t<\/div>\n\t\t<\/div>\n\t\t\t\t\t<\/div>\n\t\t<\/section>\n\t\t\t\t<section class=\"elementor-section elementor-top-section elementor-element elementor-element-a24b319 elementor-section-boxed elementor-section-height-default elementor-section-height-default\" data-id=\"a24b319\" data-element_type=\"section\" data-e-type=\"section\">\n\t\t\t\t\t\t<div class=\"elementor-container elementor-column-gap-default\">\n\t\t\t\t\t<div class=\"elementor-column elementor-col-100 elementor-top-column elementor-element elementor-element-d4297d8\" data-id=\"d4297d8\" data-element_type=\"column\" data-e-type=\"column\">\n\t\t\t<div class=\"elementor-widget-wrap elementor-element-populated\">\n\t\t\t\t\t\t<div class=\"elementor-element elementor-element-28d55e2 elementor-widget elementor-widget-text-editor\" data-id=\"28d55e2\" data-element_type=\"widget\" data-e-type=\"widget\" data-widget_type=\"text-editor.default\">\n\t\t\t\t<div class=\"elementor-widget-container\">\n\t\t\t\t\t\t\t\t\t<p>Eve Pranal et l\u2019\u00e9quipe de la Mine vous proposent de participer vous aussi \u00e0 cette exposition : choisissez une photo qui vous inspire, pour \u00e9crire un court portrait (maximum 2000 signes, espaces compris).<\/p>\t\t\t\t\t\t\t\t<\/div>\n\t\t\t\t<\/div>\n\t\t\t\t\t<\/div>\n\t\t<\/div>\n\t\t\t\t\t<\/div>\n\t\t<\/section>\n\t\t\t\t<section class=\"elementor-section elementor-top-section elementor-element elementor-element-1b8cc3e elementor-section-boxed elementor-section-height-default elementor-section-height-default\" data-id=\"1b8cc3e\" data-element_type=\"section\" data-e-type=\"section\">\n\t\t\t\t\t\t<div class=\"elementor-container elementor-column-gap-default\">\n\t\t\t\t\t<div class=\"elementor-column elementor-col-100 elementor-top-column elementor-element elementor-element-d764528\" data-id=\"d764528\" data-element_type=\"column\" data-e-type=\"column\">\n\t\t\t<div class=\"elementor-widget-wrap elementor-element-populated\">\n\t\t\t\t\t\t<div class=\"elementor-element elementor-element-6eabd34 elementor-button-align-stretch elementor-widget elementor-widget-form\" data-id=\"6eabd34\" data-element_type=\"widget\" data-e-type=\"widget\" data-settings=\"{&quot;button_width&quot;:&quot;25&quot;,&quot;step_next_label&quot;:&quot;Suivant&quot;,&quot;step_previous_label&quot;:&quot;Pr\\u00e9c\\u00e9dent&quot;,&quot;step_type&quot;:&quot;number_text&quot;,&quot;step_icon_shape&quot;:&quot;circle&quot;}\" data-widget_type=\"form.default\">\n\t\t\t\t<div class=\"elementor-widget-container\">\n\t\t\t\t\t\t\t<form class=\"elementor-form\" method=\"post\" name=\"Nouveau formulaire\" aria-label=\"Nouveau formulaire\">\n\t\t\t<input type=\"hidden\" name=\"post_id\" value=\"862\"\/>\n\t\t\t<input type=\"hidden\" name=\"form_id\" value=\"6eabd34\"\/>\n\t\t\t<input type=\"hidden\" name=\"referer_title\" value=\"Dans la t\u00eate d\u2019un photomaton - LA MINE\" \/>\n\n\t\t\t\t\t\t\t<input type=\"hidden\" name=\"queried_id\" value=\"862\"\/>\n\t\t\t\n\t\t\t<div class=\"elementor-form-fields-wrapper elementor-labels-above\">\n\t\t\t\t\t\t\t\t<div class=\"elementor-field-type-text elementor-field-group elementor-column elementor-field-group-name elementor-col-100 elementor-field-required elementor-mark-required\">\n\t\t\t\t\t\t\t\t\t\t\t\t<label for=\"form-field-name\" class=\"elementor-field-label\">\n\t\t\t\t\t\t\t\tNom et Pr\u00e9nom\t\t\t\t\t\t\t<\/label>\n\t\t\t\t\t\t\t\t\t\t\t\t\t\t<input size=\"1\" type=\"text\" name=\"form_fields[name]\" id=\"form-field-name\" class=\"elementor-field elementor-size-sm  elementor-field-textual\" placeholder=\"Leblanc Juste\" required=\"required\">\n\t\t\t\t\t\t\t\t\t\t\t<\/div>\n\t\t\t\t\t\t\t\t<div class=\"elementor-field-type-email elementor-field-group elementor-column elementor-field-group-email elementor-col-100 elementor-field-required elementor-mark-required\">\n\t\t\t\t\t\t\t\t\t\t\t\t<label for=\"form-field-email\" class=\"elementor-field-label\">\n\t\t\t\t\t\t\t\tE-mail\t\t\t\t\t\t\t<\/label>\n\t\t\t\t\t\t\t\t\t\t\t\t\t\t<input size=\"1\" type=\"email\" name=\"form_fields[email]\" id=\"form-field-email\" class=\"elementor-field elementor-size-sm  elementor-field-textual\" placeholder=\"E-mail\" required=\"required\">\n\t\t\t\t\t\t\t\t\t\t\t<\/div>\n\t\t\t\t\t\t\t\t<div class=\"elementor-field-type-text elementor-field-group elementor-column elementor-field-group-field_81aa059 elementor-col-100 elementor-field-required elementor-mark-required\">\n\t\t\t\t\t\t\t\t\t\t\t\t<label for=\"form-field-field_81aa059\" class=\"elementor-field-label\">\n\t\t\t\t\t\t\t\tn\u00b0 du photomaton\t\t\t\t\t\t\t<\/label>\n\t\t\t\t\t\t\t\t\t\t\t\t\t\t<input size=\"1\" type=\"text\" name=\"form_fields[field_81aa059]\" id=\"form-field-field_81aa059\" class=\"elementor-field elementor-size-sm  elementor-field-textual\" placeholder=\"n\u00b01\" required=\"required\">\n\t\t\t\t\t\t\t\t\t\t\t<\/div>\n\t\t\t\t\t\t\t\t<div class=\"elementor-field-type-textarea elementor-field-group elementor-column elementor-field-group-message elementor-col-100\">\n\t\t\t\t\t\t\t\t\t\t\t\t<label for=\"form-field-message\" class=\"elementor-field-label\">\n\t\t\t\t\t\t\t\tVotre portrait (2000 caract\u00e8res max.)\t\t\t\t\t\t\t<\/label>\n\t\t\t\t\t\t<textarea class=\"elementor-field-textual elementor-field  elementor-size-sm\" name=\"form_fields[message]\" id=\"form-field-message\" rows=\"4\" placeholder=\"Le vieil homme \u00e9tait maigre et sec, avec des rides comme des coups de couteau sur la nuque. Des taches brunes caus\u00e9es par la r\u00e9verb\u00e9ration du soleil sur la mer des Tropiques marquaient ses joues ; elles couvraient presque enti\u00e8rement les deux c\u00f4t\u00e9s de son visage ; ses mains portaient les entailles profondes que font les filins au bout desquels se d\u00e9battent les lourds poissons... Tout en lui \u00e9tait vieux, sauf son regard qui \u00e9tait gai et brave, et qui avait la couleur de la mer.\"><\/textarea>\t\t\t\t<\/div>\n\t\t\t\t\t\t\t\t<div class=\"elementor-field-group elementor-column elementor-field-type-submit elementor-col-25 e-form__buttons\">\n\t\t\t\t\t<button class=\"elementor-button elementor-size-sm\" type=\"submit\">\n\t\t\t\t\t\t<span class=\"elementor-button-content-wrapper\">\n\t\t\t\t\t\t\t\t\t\t\t\t\t\t\t\t\t\t\t\t\t\t<span class=\"elementor-button-text\">Envoyer<\/span>\n\t\t\t\t\t\t\t\t\t\t\t\t\t<\/span>\n\t\t\t\t\t<\/button>\n\t\t\t\t<\/div>\n\t\t\t<\/div>\n\t\t<\/form>\n\t\t\t\t\t\t<\/div>\n\t\t\t\t<\/div>\n\t\t\t\t\t<\/div>\n\t\t<\/div>\n\t\t\t\t\t<\/div>\n\t\t<\/section>\n\t\t\t\t<section class=\"elementor-section elementor-top-section elementor-element elementor-element-bf43fb4 elementor-section-boxed elementor-section-height-default elementor-section-height-default\" data-id=\"bf43fb4\" data-element_type=\"section\" data-e-type=\"section\">\n\t\t\t\t\t\t<div class=\"elementor-container elementor-column-gap-default\">\n\t\t\t\t\t<div class=\"elementor-column elementor-col-100 elementor-top-column elementor-element elementor-element-ff464d1\" data-id=\"ff464d1\" data-element_type=\"column\" data-e-type=\"column\">\n\t\t\t<div class=\"elementor-widget-wrap elementor-element-populated\">\n\t\t\t\t\t\t<div class=\"elementor-element elementor-element-163c1cf elementor-widget elementor-widget-text-editor\" data-id=\"163c1cf\" data-element_type=\"widget\" data-e-type=\"widget\" data-widget_type=\"text-editor.default\">\n\t\t\t\t<div class=\"elementor-widget-container\">\n\t\t\t\t\t\t\t\t\t<p><em><strong>Une lecture publique par un com\u00e9dien aura lieu le vendredi 15 mai.<\/strong><\/em><\/p>\t\t\t\t\t\t\t\t<\/div>\n\t\t\t\t<\/div>\n\t\t\t\t\t<\/div>\n\t\t<\/div>\n\t\t\t\t\t<\/div>\n\t\t<\/section>\n\t\t\t\t<\/div>\n\t\t","protected":false},"excerpt":{"rendered":"<p>Formulaire de participation Eve Pranal et l\u2019\u00e9quipe de la Mine vous proposent de participer vous aussi \u00e0 cette exposition : choisissez une photo qui vous inspire, pour \u00e9crire un court [&hellip;]<\/p>\n","protected":false},"author":2,"featured_media":0,"parent":0,"menu_order":0,"comment_status":"closed","ping_status":"closed","template":"","meta":{"_acf_changed":false,"footnotes":""},"class_list":["post-862","page","type-page","status-publish","hentry"],"acf":[],"yoast_head":"<!-- This site is optimized with the Yoast SEO plugin v27.3 - https:\/\/yoast.com\/product\/yoast-seo-wordpress\/ -->\n<title>Dans la t\u00eate d\u2019un photomaton - LA MINE<\/title>\n<meta name=\"robots\" content=\"index, follow, max-snippet:-1, max-image-preview:large, max-video-preview:-1\" \/>\n<link rel=\"canonical\" href=\"https:\/\/la-mine.org\/?page_id=862\" \/>\n<meta property=\"og:locale\" content=\"fr_FR\" \/>\n<meta property=\"og:type\" content=\"article\" \/>\n<meta property=\"og:title\" content=\"Dans la t\u00eate d\u2019un photomaton - LA MINE\" \/>\n<meta property=\"og:description\" content=\"Formulaire de participation Eve Pranal et l\u2019\u00e9quipe de la Mine vous proposent de participer vous aussi \u00e0 cette exposition : choisissez une photo qui vous inspire, pour \u00e9crire un court [&hellip;]\" \/>\n<meta property=\"og:url\" content=\"https:\/\/la-mine.org\/?page_id=862\" \/>\n<meta property=\"og:site_name\" content=\"LA MINE\" \/>\n<meta property=\"article:modified_time\" content=\"2026-04-08T13:00:40+00:00\" \/>\n<meta name=\"twitter:card\" content=\"summary_large_image\" \/>\n<meta name=\"twitter:label1\" content=\"Dur\u00e9e de lecture estim\u00e9e\" \/>\n\t<meta name=\"twitter:data1\" content=\"1 minute\" \/>\n<script type=\"application\/ld+json\" class=\"yoast-schema-graph\">{\"@context\":\"https:\\\/\\\/schema.org\",\"@graph\":[{\"@type\":\"WebPage\",\"@id\":\"https:\\\/\\\/la-mine.org\\\/?page_id=862\",\"url\":\"https:\\\/\\\/la-mine.org\\\/?page_id=862\",\"name\":\"Dans la t\u00eate d\u2019un photomaton - LA MINE\",\"isPartOf\":{\"@id\":\"https:\\\/\\\/la-mine.org\\\/#website\"},\"datePublished\":\"2026-04-08T12:48:25+00:00\",\"dateModified\":\"2026-04-08T13:00:40+00:00\",\"breadcrumb\":{\"@id\":\"https:\\\/\\\/la-mine.org\\\/?page_id=862#breadcrumb\"},\"inLanguage\":\"fr-FR\",\"potentialAction\":[{\"@type\":\"ReadAction\",\"target\":[\"https:\\\/\\\/la-mine.org\\\/?page_id=862\"]}]},{\"@type\":\"BreadcrumbList\",\"@id\":\"https:\\\/\\\/la-mine.org\\\/?page_id=862#breadcrumb\",\"itemListElement\":[{\"@type\":\"ListItem\",\"position\":1,\"name\":\"Accueil\",\"item\":\"https:\\\/\\\/la-mine.org\\\/\"},{\"@type\":\"ListItem\",\"position\":2,\"name\":\"Dans la t\u00eate d\u2019un photomaton\"}]},{\"@type\":\"WebSite\",\"@id\":\"https:\\\/\\\/la-mine.org\\\/#website\",\"url\":\"https:\\\/\\\/la-mine.org\\\/\",\"name\":\"LA MINE\",\"description\":\"Ce que vous avez envie de trouver, ce que vous n\u2019avez pas id\u00e9e de chercher  La Mine est un bar \u00e0 vin et un caf\u00e9-lecture, c\u2019est aussi un tiers-lieu culturel et gourmand anim\u00e9 par le collectif \u00ab\u00a0A ciel ouvert\u00a0\u00bb. Au c\u0153ur du Beaujolais et du M\u00e2connais, on m\u00e9lange les genres pour varier les plaisirs\u00a0: d\u00e9guster, bouquiner, \u00e9couter\u2026et \u00e9changer autour d\u2019un livre, d\u2019un film...\",\"publisher\":{\"@id\":\"https:\\\/\\\/la-mine.org\\\/#organization\"},\"potentialAction\":[{\"@type\":\"SearchAction\",\"target\":{\"@type\":\"EntryPoint\",\"urlTemplate\":\"https:\\\/\\\/la-mine.org\\\/?s={search_term_string}\"},\"query-input\":{\"@type\":\"PropertyValueSpecification\",\"valueRequired\":true,\"valueName\":\"search_term_string\"}}],\"inLanguage\":\"fr-FR\"},{\"@type\":\"Organization\",\"@id\":\"https:\\\/\\\/la-mine.org\\\/#organization\",\"name\":\"LA MINE\",\"url\":\"https:\\\/\\\/la-mine.org\\\/\",\"logo\":{\"@type\":\"ImageObject\",\"inLanguage\":\"fr-FR\",\"@id\":\"https:\\\/\\\/la-mine.org\\\/#\\\/schema\\\/logo\\\/image\\\/\",\"url\":\"https:\\\/\\\/la-mine.org\\\/wp-content\\\/uploads\\\/2023\\\/06\\\/LOGO-1200-RVB-1.png\",\"contentUrl\":\"https:\\\/\\\/la-mine.org\\\/wp-content\\\/uploads\\\/2023\\\/06\\\/LOGO-1200-RVB-1.png\",\"width\":1279,\"height\":1168,\"caption\":\"LA MINE\"},\"image\":{\"@id\":\"https:\\\/\\\/la-mine.org\\\/#\\\/schema\\\/logo\\\/image\\\/\"}}]}<\/script>\n<!-- \/ Yoast SEO plugin. -->","yoast_head_json":{"title":"Dans la t\u00eate d\u2019un photomaton - LA MINE","robots":{"index":"index","follow":"follow","max-snippet":"max-snippet:-1","max-image-preview":"max-image-preview:large","max-video-preview":"max-video-preview:-1"},"canonical":"https:\/\/la-mine.org\/?page_id=862","og_locale":"fr_FR","og_type":"article","og_title":"Dans la t\u00eate d\u2019un photomaton - LA MINE","og_description":"Formulaire de participation Eve Pranal et l\u2019\u00e9quipe de la Mine vous proposent de participer vous aussi \u00e0 cette exposition : choisissez une photo qui vous inspire, pour \u00e9crire un court [&hellip;]","og_url":"https:\/\/la-mine.org\/?page_id=862","og_site_name":"LA MINE","article_modified_time":"2026-04-08T13:00:40+00:00","twitter_card":"summary_large_image","twitter_misc":{"Dur\u00e9e de lecture estim\u00e9e":"1 minute"},"schema":{"@context":"https:\/\/schema.org","@graph":[{"@type":"WebPage","@id":"https:\/\/la-mine.org\/?page_id=862","url":"https:\/\/la-mine.org\/?page_id=862","name":"Dans la t\u00eate d\u2019un photomaton - LA MINE","isPartOf":{"@id":"https:\/\/la-mine.org\/#website"},"datePublished":"2026-04-08T12:48:25+00:00","dateModified":"2026-04-08T13:00:40+00:00","breadcrumb":{"@id":"https:\/\/la-mine.org\/?page_id=862#breadcrumb"},"inLanguage":"fr-FR","potentialAction":[{"@type":"ReadAction","target":["https:\/\/la-mine.org\/?page_id=862"]}]},{"@type":"BreadcrumbList","@id":"https:\/\/la-mine.org\/?page_id=862#breadcrumb","itemListElement":[{"@type":"ListItem","position":1,"name":"Accueil","item":"https:\/\/la-mine.org\/"},{"@type":"ListItem","position":2,"name":"Dans la t\u00eate d\u2019un photomaton"}]},{"@type":"WebSite","@id":"https:\/\/la-mine.org\/#website","url":"https:\/\/la-mine.org\/","name":"LA MINE","description":"Ce que vous avez envie de trouver, ce que vous n\u2019avez pas id\u00e9e de chercher  La Mine est un bar \u00e0 vin et un caf\u00e9-lecture, c\u2019est aussi un tiers-lieu culturel et gourmand anim\u00e9 par le collectif \u00ab\u00a0A ciel ouvert\u00a0\u00bb. Au c\u0153ur du Beaujolais et du M\u00e2connais, on m\u00e9lange les genres pour varier les plaisirs\u00a0: d\u00e9guster, bouquiner, \u00e9couter\u2026et \u00e9changer autour d\u2019un livre, d\u2019un film...","publisher":{"@id":"https:\/\/la-mine.org\/#organization"},"potentialAction":[{"@type":"SearchAction","target":{"@type":"EntryPoint","urlTemplate":"https:\/\/la-mine.org\/?s={search_term_string}"},"query-input":{"@type":"PropertyValueSpecification","valueRequired":true,"valueName":"search_term_string"}}],"inLanguage":"fr-FR"},{"@type":"Organization","@id":"https:\/\/la-mine.org\/#organization","name":"LA MINE","url":"https:\/\/la-mine.org\/","logo":{"@type":"ImageObject","inLanguage":"fr-FR","@id":"https:\/\/la-mine.org\/#\/schema\/logo\/image\/","url":"https:\/\/la-mine.org\/wp-content\/uploads\/2023\/06\/LOGO-1200-RVB-1.png","contentUrl":"https:\/\/la-mine.org\/wp-content\/uploads\/2023\/06\/LOGO-1200-RVB-1.png","width":1279,"height":1168,"caption":"LA MINE"},"image":{"@id":"https:\/\/la-mine.org\/#\/schema\/logo\/image\/"}}]}},"_links":{"self":[{"href":"https:\/\/la-mine.org\/index.php?rest_route=\/wp\/v2\/pages\/862","targetHints":{"allow":["GET"]}}],"collection":[{"href":"https:\/\/la-mine.org\/index.php?rest_route=\/wp\/v2\/pages"}],"about":[{"href":"https:\/\/la-mine.org\/index.php?rest_route=\/wp\/v2\/types\/page"}],"author":[{"embeddable":true,"href":"https:\/\/la-mine.org\/index.php?rest_route=\/wp\/v2\/users\/2"}],"replies":[{"embeddable":true,"href":"https:\/\/la-mine.org\/index.php?rest_route=%2Fwp%2Fv2%2Fcomments&post=862"}],"version-history":[{"count":7,"href":"https:\/\/la-mine.org\/index.php?rest_route=\/wp\/v2\/pages\/862\/revisions"}],"predecessor-version":[{"id":871,"href":"https:\/\/la-mine.org\/index.php?rest_route=\/wp\/v2\/pages\/862\/revisions\/871"}],"wp:attachment":[{"href":"https:\/\/la-mine.org\/index.php?rest_route=%2Fwp%2Fv2%2Fmedia&parent=862"}],"curies":[{"name":"wp","href":"https:\/\/api.w.org\/{rel}","templated":true}]}}